 - 35*f**2 + 83*f - 560. Determine o(33).
1
Let y(h) = 72*h - 200. Give y(7).
304
Let l(j) = 215*j - 3701. Calculate l(19).
384
Let k(x) = 2*x**2 + 51*x + 336. Calculate k(-14).
14
Let k(r) = -8*r**2 + 20*r - 15. What is k(3)?
-27
Let g(m) = 9*m - 43. Calculate g(-7).
-106
Let h(i) = -1768*i + 10604. Determine h(6).
-4
Let h(a) = -424*a**3 + 2*a**2 - 28*a - 29. Determine h(-1).
425
Let n(d) = -8*d**3 - 87*d**2 - 133*d - 16. What is n(-9)?
-34
Let w(h) = 2*h**3 + 80*h**2 + 153*h - 33. Determine w(-38).
-71
Let g(f) = f**3 + 14*f**2 + 31*f - 49. Calculate g(-10).
41
Let f(u) = -21*u**3 + u**2 + 11*u - 35. What is f(3)?
-560
Let b(j) = -1011*j - 11126. Calculate b(-11).
-5
Let t(u) = 83*u - 110. Determine t(1).
-27
Let h(r) = -5*r + 241. Determine h(42).
31
Let n(y) = -1214*y - 7283. Determine n(-6).
1
Let a(w) = -2*w**3 + 4*w**2 - 10*w + 17. Determine a(4).
-87
Let s(v) = 685*v - 34944. Calculate s(51).
-9
Let k(t) = -5471*t + 21874. What is k(4)?
-10
Let j(i) = -i**3 + 22*i**2 + 122*i - 453. Give j(26).
15
Let j(l) = 58*l - 880. Determine j(15).
-10
Let k(m) = -m**2 + 4*m + 342. Calculate k(21).
-15
Let t(g) = -13*g + 150. Calculate t(14).
-32
Let s(x) = -12*x**3 + x**2 - 4. Give s(-2).
96
Let f(b) = -869*b + 4355. Give f(5).
10
Let u(w) = w**3 - 45*w**2 - 42*w - 2474. Calculate u(47).
-30
Let m(h) = h**3 + 16*h**2 + 9*h - 6. What is m(-1)?
0
Let t(p) = p**3 - 77*p**2 - 328*p - 95. Calculate t(81).
-419
Let v(t) = 2*t + 8. Give v(-3).
2
Let x(o) = 4*o**3 - 2*o**2 - 11*o + 47. Calculate x(4).
227
Let c(f) = f**2 + 2*f + 1. Determine c(-7).
36
Let i(m) = -61*m + 238. What is i(9)?
-311
Let c(p) = 2*p**3 + 31*p**2 - 126*p + 135. Calculate c(-19).
2
Let h(i) = 4*i**2 - 55*i - 888. What is h(26)?
386
Let n(m) = -m**3 - 2*m**2 - 122. Give n(0).
-122
Let x(n) = 2*n**3 + 58*n**2 + 158*n - 5. What is x(-3)?
-11
Let y(s) = 5*s + 188. Give y(-19).
93
Let g(w) = w**3 + 5*w**2 + w - 14. What is g(-3)?
1
Let j(m) = 78*m**2 + 448*m - 103. Determine j(-6).
17
Let d(w) = -2*w**3 - 14*w**2 - 10*w + 41. Determine d(-4).
-15
Let s(r) = -15*r + 69. Calculate s(5).
-6
Let r(s) = -2*s**2 + 32*s - 1. What is r(15)?
29
Let r(t) = -t**2 - 4*t - 35. Calculate r(0).
-35
Let h(o) = -133*o + 2419. What is h(18)?
25
Let r(x) = -x**3 + 10*x**2 + 42*x - 8. Determine r(13).
31
Let c(t) = 2*t**2 + 185*t + 447. What is c(-90)?
-3
Let j(z) = -99*z**2 + 5*z + 4. Give j(-1).
-100
Let z(d) = -d**3 - 7*d**2 + 71*d + 15. Determine z(-14).
393
Let d(n) = -n**3 - 47*n**2 - 58*n - 508. Give d(-46).
44
Let t(i) = 32*i + 1635. Determine t(-51).
3
Let r(s) = -s**3 - 16*s**2 + 60*s + 70. Determine r(-19).
13
Let n(i) = 3*i**3 - 16*i**2 - 29*i - 16. Calculate n(7).
26
Let c(i) = -i**3 + 13*i**2 - 6*i - 173. Give c(10).
67
Let q(j) = -77*j + 5520. What is q(71)?
53
Let x(m) = 5*m**3 - m**2 - 16*m - 255. Determine x(0).
-255
Let y(p) = -34*p + 124. What is y(6)?
-80
Let j(w) = 50*w - 248. Calculate j(7).
102
Let o(r) = -67*r - 3511. Determine o(-51).
-94
Let q(v) = v**3 - 4*v**2 - 151*v - 289. Determine q(-2).
-11
Let w(k) = -65*k - 185. What is w(-4)?
75
Let l(z) = -18*z + 52. Determine l(10).
-128
Let p(q) = -10*q**2 - 6*q + 104. What is p(3)?
-4
Let b(s) = -s**3 + 11*s**2 - 9*s - 6. Determine b(10).
4
Let j(y) = y**2 + 43*y + 262. Calculate j(-7).
10
Let t(v) = 2*v**3 + 73*v**2 + 116*v + 392. What is t(-35)?
7
Let w(h) = -h**2 - 89*h + 1464. Determine w(-107).
-462
Let q(o) = 28*o**2 - 151*o - 15. Give q(5).
-70
Let c(y) = -y**2 - 751*y + 7618. Determine c(10).
8
Let f(s) = 13*s - 81. Determine f(7).
10
Let v(q) = 9*q**2 - 7*q + 7. What is v(3)?
67
Let r(h) = -138*h + 835. Determine r(6).
7
Let s(r) = 240*r - 2671. Determine s(11).
-31
Let h(k) = -752*k - 44376. What is h(-59)?
-8
Let l(t) = -12*t**3 + 12*t**2 - 30*t - 3. Give l(3).
-309
Let o(j) = -13*j - 99. Determine o(-2).
-73
Let z(x) = -87*x - 1732. Calculate z(-20).
8
Let h(k) = -k**3 + 69*k**2 - 6*k + 243. Calculate h(69).
-171
Let y(d) = -88*d + 91. Determine y(1).
3
Let a(q) = 28*q - 179. Give a(7).
17
Let j(y) = -146*y + 8498. Give j(58).
30
Let d(j) = -3*j - 74. Give d(-32).
22
Let d(k) = -k**3 + 6*k**2 + 282*k - 40. Calculate d(20).
0
Let c(u) = -u**2 + 38*u - 236. Calculate c(9).
25
Let k(j) = j**2 + 78*j + 995. Give k(-41).
-522
Let c(m) = 6*m + 250. Give c(-14).
166
Let j(d) = 3*d**3 + 9*d**2 + 27*d + 12. Give j(-7).
-765
Let i(y) = 17*y + 44. Give i(-10).
-126
Let n(s) = 793*s - 6354. Give n(8).
-10
Let z(t) = 145*t + 846. Give z(-8).
-314
Let d(a) = 12*a**2 + 59*a - 3. What is d(-5)?
2
Let i(x) = -139*x**2 - 258*x + 16. Calculate i(-2).
-24
Let m(n) = n**3 - 32*n**2 + 32*n - 32. Determine m(31).
-1
Let h(j) = -j**3 + 3*j**2 + 44*j - 3. Calculate h(8).
29
Let o(u) = u**2 - 17*u + 9. Calculate o(14).
-33
Let t(i) = i**3 - i**2 - 68*i + 133. Give t(2).
1
Let d(y) = -51*y + 258. Determine d(8).
-150
Let c(a) = -12*a**3 + 119*a**2 + 120*a + 252. Give c(11).
-1
Let p(v) = 4*v**3 + 24*v**2 + 11*v + 4. What is p(-5)?
49
Let p(f) = f**3 + 8*f**2 - 93*f - 129. Calculate p(-14).
-3
Let l(q) = -24*q - 993. Calculate l(-37).
-105
Let p(l) = -1104*l + 8849. What is p(8)?
17
Let m(l) = -482*l - 7705. What is m(-16)?
7
Let s(h) = 2*h**2 - 43*h + 213. What is s(9)?
-12
Let i(d) = -d**2 - 13*d + 264. Calculate i(11).
0
Let z(v) = -23*v + 248. Determine z(25).
-327
Let x(n) = -8*n - 34. Give x(-13).
70
Let q(f) = -4222*f + 16898. Calculate q(4).
10
Let t(u) = u**2 - 24*u + 83. What is t(25)?
108
Let f(b) = -b**3 + 2*b**2 + 52*b - 190. Determine f(-7).
-113
Let o(p) = -p**2 - 2*p + 7. Give o(-3).
4
Let p(h) = -h**3 + 11*h**2 - 15*h + 8. Determine p(3).
35
Let a(v) = v**3 + 14*v**2 + 67*v - 5. Calculate a(-8).
-157
Let w(t) = -3*t**2 + 31*t - 12. What is w(-6)?
-306
Let c(p) = 31*p - 2145. Give c(70).
25
Let l(c) = 2*c**3 + 33*c**2 - 42*c + 99. Give l(-18).
-117
Let h(w) = w**3 + 19*w**2 - 150*w - 50. Give h(-25).
-50
Let f(p) = 402*p - 9273. Determine f(23).
-27
Let q(v) = 3*v**3 + 6*v**2 + 12*v - 5. Give q(-2).
-29
Let i(g) = g**3 - 2*g**2 - 78*g + 126. Calculate i(9).
-9
Let o(s) = -118*s - 477. Determine o(-4).
-5
Let a(b) = b**3 - 52*b**2 + 51*b + 12. Give a(51).
12
Let i(q) = 34*q + 356. Give i(-11).
-18
Let x(t) = 289*t - 22538. Calculate x(78).
4
Let w(z) = z**3 + 14*z**2 - 7*z - 21. What is w(-15)?
-141
Let g(k) = -66*k + 3113. Determine g(47).
11
Let r(w) = -2*w**3 + 24*w**2 + 90*w - 1083. Determine r(12).
-3
Let z(q) = -3*q**3 - q + 54. Determine z(4).
-142
Let x(n) = 453*n - 1512. Determine x(3).
-153
Let s(u) = -17*u - 1787. Determine s(-105).
-2
Let f(v) = -2*v**3 + 53*v**2 + 92*v - 230. Determine f(28).
-6
Let c(g) = g**3 + 5*g**2 + 83*g + 314. Determine c(-4).
-2
Let s(f) = 209*f - 630. Determine s(3).
-3
Let d(r) = 14*r - 614. Calculate d(44).
2
Let v(x) = -x**2 + 54*x + 556. Calculate v(63).
-11
Let n(v) = -337*v + 3705. Determine n(11).
-2
Let a(q) = q**3 + 15*q**2 + 102*q + 525. Give a(-10).
5
Let v(m) = 732*m + 40269. Calculate v(-55).
9
Let k(y) = -16*y**3 + 12*y - 26. Give k(3).
-422
Let r(s) = -21*s + 84. Calculate r(-2).
126
Let p(i) = 2*i**2 - 50*i - 8. What is p(25)?
-8
Let x(t) = -t**2 + 65*t + 347. Calculate x(-5).
-3
Let r(x) = -3*x**3 + 123*x**2 + 7. Give r(41).
7
Let u(t) = -t**2 + 917*t + 5544. Calculate u(-6).
6
Let p(y) = -203*y - 459. Calculate p(-2).
-53
Let b(u) = -u**3 - 26*u**2 - 28*u + 65. What is b(-25)?
140
Let a(m) = -m**3 + 16*m**2 - 125*m + 1666. Give a(15).
16
Let b(i) = 2*i**2 + 36*i + 122. What is b(-12)?
-22
Let u(a) = -5*a**3 - 2*a**2 + 27*a - 9. Calculate u(2).
-3
Let o(d) = -111*d + 248. Calculate o(2).
26
Let a(u) = 18*u - 1079. Calculate a(55).
-89
Let n(x) = -x**2 + 50*x - 512. Determine n(12).
-56
Let p(y) = -471*y**3 - 2*y**2 + 19*y + 20. Calculate p(-1).
470
Let z(i) = -i**2 + 73*i - 113. Calculate z(73).
-113
Let r(s) = s**3 + 17*s**2 - 75*s + 174. Give r(-21).
-15
Let r(j) = j**2 - 22*j + 36. What is r(30)?
276
Let y(i) = i**2 - 32*i - 135. Calculate y(-4).
9
Let x(v) = 13*v**2 + 12*v + 30. Give x(-3).
111
Let u(k) = -107*k - 828. Determine u(-8).
28
Let q(u) = -3*u**2 + 65*u - 157. Give q(19).
-5
Let o(l) = 51*l - 2343. Give o(48).
105
Let v(n) = n**3 + 7*n**2 + n + 5. Determine v(-8).
-67
Let a(j) = 2*j**3 + 21*j**2 + 20*j. Give a(-6).
204
Let n(f) = -395*f + 10256. Calculate n(